at is -2 (base 12) in base 5?
-2
What is 2 (base 11) in base 12?
2
What is 112 (base 4) in base 11?
20
What is 1 (base 10) in base 11?
1
-144 (base 13) to base 4
-3201
2 (base 13) to base 9
2
Convert -2 (base 11) to base 2.
-10
-d (base 15) to base 3
-111
What is 0 (base 4) in base 13?
0
-3 (base 13) to base 4
-3
-330 (base 4) to base 15
-40
Convert -100112 (base 3) to base 15.
-122
Convert -3 (base 16) to base 2.
-11
What is 25 (base 13) in base 8?
37
What is -a5 (base 14) in base 4?
-2101
What is -10101 (base 2) in base 12?
-19
Convert -1 (base 6) to base 14.
-1
-3 (base 16) to base 9
-3
What is 14 (base 6) in base 11?
a
Convert 200 (base 5) to base 3.
1212
Convert 10 (base 2) to base 9.
2
6a (base 14) to base 11
86
What is 100100 (base 2) in base 5?
121
0 (base 14) to base 3
0
Convert 12 (base 3) to base 7.
5
What is 17 (base 8) in base 9?
16
2 (base 4) to base 16
2
Convert -6 (base 10) to base 8.
-6
-1 (base 6) to base 12
-1
-210 (base 3) to base 10
-21
Convert -68 (base 9) to base 5.
-222
What is -13a (base 16) in base 2?
-100111010
1122 (base 4) to base 10
90
Convert -8 (base 16) to base 11.
-8
What is -43 (base 6) in base 14?
-1d
Convert -ab (base 13) to base 15.
-96
100 (base 2) to base 13
4
Convert 13 (base 4) to base 6.
11
Convert 0 (base 3) to base 6.
0
Convert 132 (base 4) to base 8.
36
214 (base 5) to base 6
135
6 (base 9) to base 12
6
Convert 47 (base 12) to base 9.
61
-1c4 (base 13) to base 2
-101001001
Convert 29 (base 12) to base 9.
36
13 (base 5) to base 8
10
What is -6d (base 14) in base 16?
-61
-3 (base 4) to base 6
-3
Convert -328 (base 9) to base 6.
-1125
Convert -66 (base 11) to base 9.
-80
What is 55 (base 8) in base 7?
63
0 (base 12) to base 13
0
-6 (base 16) to base 3
-20
What is -1 (base 7) in base 11?
-1
What is -248 (base 9) in base 13?
-12b
Convert 0 (base 10) to base 15.
0
What is 3 (base 15) in base 16?
3
Convert -5 (base 11) to base 7.
-5
124 (base 8) to base 3
10010
Convert -31 (base 7) to base 11.
-20
3 (base 15) to base 5
3
-200 (base 7) to base 10
-98
What is -d (base 16) in base 15?
-d
3 (base 13) to base 5
3
37 (base 13) to base 7
64
Convert 300 (base 7) to base 8.
223
What is 21 (base 11) in base 9?
25
What is -331 (base 10) in base 16?
-14b
-3 (base 15) to base 12
-3
6 (base 13) to base 6
10
Convert -523 (base 6) to base 16.
-c3
What is -12 (base 3) in base 9?
-5
Convert -1 (base 10) to base 5.
-1
What is 27 (base 16) in base 6?
103
4 (base 7) to base 5
4
Convert -1001 (base 2) to base 15.
-9
Convert -10 (base 7) to base 9.
-7
What is 6 (base 13) in base 2?
110
What is 210 (base 4) in base 16?
24
Convert 4 (base 15) to base 13.
4
4 (base 13) to base 12
4
What is -1001110 (base 2) in base 12?
-66
What is 1 (base 11) in base 10?
1
Convert 23 (base 15) to base 2.
100001
Convert 54 (base 12) to base 8.
100
-cb (base 14) to base 13
-10a
Convert 21 (base 6) to base 11.
12
What is -3 (base 10) in base 8?
-3
-1 (base 12) to base 15
-1
Convert 110010 (base 2) to base 7.
101
What is 1404 (base 6) in base 8?
554
Convert -2 (base 13) to base 15.
-2
46 (base 13) to base 3
2011
11 (base 2) to base 16
3
Convert 12 (base 16) to base 9.
20
1 (base 11) to base 12
1
52 (base 8) to base 7
60
What is -242 (base 7) in base 13?
-9b
-10000100 (base 2) to base 14
-96
Convert -33 (base 4) to base 9.
-16
What is 7 (base 12) in base 7?
10
Convert 111 (base 2) to base 11.
7
What is 3 (base 8) in base 9?
3
1122 (base 3) to base 2
101100
2 (base 7) to base 6
2
6 (base 9) to base 6
10
Convert 6 (base 15) to base 3.
20
-149 (base 12) to base 4
-3021
-d (base 15) to base 2
-1101
Convert -73 (base 16) to base 14.
-83
What is -36 (base 14) in base 16?
-30
Convert 2 (base 3) to base 4.
2
-23 (base 5) to base 14
-d
-2 (base 16) to base 11
-2
Convert 43 (base 10) to base 9.
47
Convert 42 (base 6) to base 9.
28
1003 (base 4) to base 16
43
What is -51 (base 7) in base 5?
-121
2 (base 4) to base 3
2
-201 (base 3) to base 5
-34
-24 (base 13) to base 10
-30
-300 (base 4) to base 11
-44
What is -2333 (base 4) in base 12?
-13b
3 (base 11) to base 9
3
3 (base 14) to base 10
3
What is -123 (base 4) in base 15?
-1c
-7 (base 16) to base 7
-10
-3 (base 15) to base 12
-3
0 (base 16) to base 10
0
Convert 22 (base 4) to base 16.
a
What is 20 (base 7) in base 15?
e
Convert 40 (base 8) to base 5.
112
What is 2a (base 13) in base 5?
121
What is 1 (base 2) in base 9?
1
What is 1 (base 15) in base 16?
1
Convert 1001 (base 2) to base 5.
14
Convert -7 (base 11) to base 9.
-7
11 (base 3) to base 9
4
What is -3 (base 12) in base 10?
-3
-33 (base 4) to base 11
-14
Convert -3 (base 4) to base 9.
-3
Convert 103 (base 7) to base 4.
310
38 (base 9) to base 13
29
What is 207 (base 13) in base 10?
345
What is 8 (base 15) in base 16?
8
What is -2 (base 14) in base 12?
-2
Convert -29 (base 16) to base 5.
-131
What is -123 (base 5) in base 10?
-38
66 (base 7) to base 11
44
What is -233 (base 4) in base 12?
-3b
-1 (base 12) to base 14
-1
Convert 90 (base 14) to base 3.
11200
What is 1 (base 12) in base 6?
1
Convert 5e (base 16) to base 6.
234
-46 (base 16) to base 5
-240
2 (base 10) to base 12
2
What is 10 (base 13) in base 14?
d
Convert 11 (base 9) to base 6.
14
34 (base 8) to base 4
130
What is b (base 12) in base 5?
21
-100 (base 3) to base 11
-9
What is 13 (base 4) in base 16?
7
What is 122 (base 3) in base 4?
101
Convert -24 (base 16) to base 5.
-121
What is -20 (base 5) in base 14?
-a
Convert -13 (base 7) to base 16.
-a
Convert 0 (base 15) to base 6.
0
Convert c (base 15) to base 3.
110
Convert 3 (base 11) to base 8.
3
234 (base 5) to base 11
63
Convert -12 (base 6) to base 12.
-8
What is -12110 (base 3) in base 2?
-10010011
-11 (base 2) to base 7
-3
Convert 1 (base 9) to base 14.
1
Convert -1 (base 7) to base 16.
-1
What is 0 (base 13) in base 8?
0
What is 1 (base 3) in base 8?
1
1 (base 14) to base 4
1
100 (base 4) to base 2
10000
Convert 0 (base 3) to base 8.
0
Convert 2100 (base 3) to base 9.
70
-23 (base 10) to base 15
-18
What is -3 (base 14) in base 8?
-3
-10 (base 10) to base 3
-101
-8 (base 16) to base 3
-22
What is 39 (base 14) in base 8?
63
What is 10122 (base 4) in base 16?
11a
-1021 (base 4) to base 3
-2201
What is 1122 (base 5) in base 7?
321
Convert -24 (base 9) to base 3.
-211
What is -1 (base 15) in base 3?
-1
What is 4 (base 7) in base 14?
4
What is 22 (base 4) in base 11?
a
Convert 66 (base 9) to base 5.
220
What is -2 (base 16) in base 3?
-2
What is ab (base 13) in base 2?
10001101
What is -1000 (base 2) in base 14?
-8
What is 414 (base 5) in base 9?
131
What is -231 (base 5) in base 10?
-66
Convert 43 (base 10) to base 6.
111
Convert 0 (base 5) to base 13.
0
What is 2 (base 7) in base 13?
2
-3 (base 14) to base 5
-3
Convert 2 (base 7) to base 6.
2
What is 1 (base 15) in base 8?
1
What is 1 (base 12) in base 8?
1
What is 0 (base 4) in base 15?
0
What is -2 (base 11) in base 5?
-2
73 (base 14) to base 9
122
What is 1100 (base 3) in base 14?
28
Convert -5 (base 7) to base 12.
-5
9 (base 11) to base 3
100
What is -23 (base 5) in base 3?
-111
Convert 3 (base 8) to base 7.
3
Convert 1 (base 13) to base 16.
1
10 (base 9) to base 12
9
Convert 142 (base 7) to base 5.
304
c (base 14) to base 10
12
-21 (base 12) to base 4
-121
Convert -230 (base 5) to base 14.
-49
-10 (base 3) to base 14
-3
What is 10111 (base 2) in base 10?
23
11 (base 2) to base 12
3
Convert -23 (base 5) to base 6.
-21
Convert 11000010 (base 2) to base 11.
167
What is 20 (base 5) in base 16?
a
What is -8 (base 10) in base 8?
-10
What is 5 (base 14) in base 11?
5
-6 (base 16) to base 3
-20
1 (base 16) to base 10
1
What is -57 (base 11) in base 13?
-4a
Convert -11b (base 14) to base 13.
-140
What is -12 (base 4) in base 15?
-6
What is 11322 (base 4) in base 7?
1050
2b (base 15) to base 13
32
Convert -100 (base 4) to base 7.
-22
What is 8 (base 15) in base 5?
13
5 (base 12) to base 2
101
What is 12 (base 12) in base 7?
20
What is -2 (base 6) in base 4?
-2
What is 1 (base 10) in base 12?
1
What is -6 (base 12) in base 5?
-11
100011001 (base 2) to base 16
119
What is 1 (base 8) in base 10?
1
What is -100000 (base 2) in base 13?
-26
Convert 2 (base 4) to base 6.
2
What is -10 (base 6) in base 8?
-6
Convert a3 (base 12) to base 3.
11120
Convert -1011 (base 2) to base 12.
-b
Convert 2 (base 6) 